{"id":2,"date":"2024-05-07T10:12:14","date_gmt":"2024-05-07T10:12:14","guid":{"rendered":"https:\/\/dzwigi24.com\/?page_id=2"},"modified":"2025-03-12T09:08:03","modified_gmt":"2025-03-12T09:08:03","slug":"sample-page","status":"publish","type":"page","link":"https:\/\/dzwigi24.com\/","title":{"rendered":"Home"},"content":{"rendered":"\t\t<div data-elementor-type=\"wp-page\" data-elementor-id=\"2\" class=\"elementor elementor-2\" data-elementor-post-type=\"page\">\n\t\t\t\t<div class=\"elementor-element elementor-element-8fdacf7 e-flex e-con-boxed e-con e-parent\" data-id=\"8fdacf7\" data-element_type=\"container\">\n\t\t\t\t\t<div class=\"e-con-inner\">\n\t\t<div class=\"elementor-element elementor-element-084af92 e-con-full e-flex e-con e-child\" data-id=\"084af92\" data-element_type=\"container\">\n\t\t\t\t<div class=\"elementor-element elementor-element-9b36714 elementor-widget__width-initial elementor-widget elementor-widget-theme-site-logo elementor-widget-image\" data-id=\"9b36714\" data-element_type=\"widget\" data-widget_type=\"theme-site-logo.default\">\n\t\t\t\t<div class=\"elementor-widget-container\">\n\t\t\t<style>\/*! elementor - v3.23.0 - 05-08-2024 *\/\n.elementor-widget-image{text-align:center}.elementor-widget-image a{display:inline-block}.elementor-widget-image a img[src$=\".svg\"]{width:48px}.elementor-widget-image img{vertical-align:middle;display:inline-block}<\/style>\t\t\t\t\t\t<a href=\"https:\/\/dzwigi24.com\">\n\t\t\t<img fetchpriority=\"high\" decoding=\"async\" width=\"640\" height=\"98\" src=\"https:\/\/dzwigi24.com\/wp-content\/uploads\/2024\/05\/logo-dzwigi.jpg\" class=\"attachment-full size-full wp-image-77\" alt=\"\" srcset=\"https:\/\/dzwigi24.com\/wp-content\/uploads\/2024\/05\/logo-dzwigi.jpg 640w, https:\/\/dzwigi24.com\/wp-content\/uploads\/2024\/05\/logo-dzwigi-300x46.jpg 300w\" sizes=\"(max-width: 640px) 100vw, 640px\" \/>\t\t\t\t<\/a>\n\t\t\t\t\t\t\t\t\t<\/div>\n\t\t\t\t<\/div>\n\t\t\t\t<\/div>\n\t\t<div class=\"elementor-element elementor-element-bcbbbd4 e-con-full e-flex e-con e-child\" data-id=\"bcbbbd4\" data-element_type=\"container\">\n\t\t\t\t<div class=\"elementor-element elementor-element-431f187 elementor-nav-menu__align-end elementor-nav-menu--dropdown-tablet elementor-nav-menu__text-align-aside elementor-nav-menu--toggle elementor-nav-menu--burger elementor-widget elementor-widget-nav-menu\" data-id=\"431f187\" data-element_type=\"widget\" data-settings=\"{&quot;layout&quot;:&quot;horizontal&quot;,&quot;submenu_icon&quot;:{&quot;value&quot;:&quot;&lt;svg class=\\&quot;e-font-icon-svg e-fas-caret-down\\&quot; viewBox=\\&quot;0 0 320 512\\&quot; xmlns=\\&quot;http:\\\/\\\/www.w3.org\\\/2000\\\/svg\\&quot;&gt;&lt;path d=\\&quot;M31.3 192h257.3c17.8 0 26.7 21.5 14.1 34.1L174.1 354.8c-7.8 7.8-20.5 7.8-28.3 0L17.2 226.1C4.6 213.5 13.5 192 31.3 192z\\&quot;&gt;&lt;\\\/path&gt;&lt;\\\/svg&gt;&quot;,&quot;library&quot;:&quot;fa-solid&quot;},&quot;toggle&quot;:&quot;burger&quot;}\" data-widget_type=\"nav-menu.default\">\n\t\t\t\t<div class=\"elementor-widget-container\">\n\t\t\t<link rel=\"stylesheet\" href=\"https:\/\/dzwigi24.com\/wp-content\/plugins\/elementor-pro\/assets\/css\/widget-nav-menu.min.css\">\t\t\t<nav class=\"elementor-nav-menu--main elementor-nav-menu__container elementor-nav-menu--layout-horizontal e--pointer-underline e--animation-fade\">\n\t\t\t\t<ul id=\"menu-1-431f187\" class=\"elementor-nav-menu\"><li class=\"menu-item menu-item-type-custom menu-item-object-custom menu-item-100\"><a href=\"https:\/\/outlook.office365.com\/owa\/calendar\/Dzwigi24com@brenal.com\/bookings\/\" class=\"elementor-item\">Rezerwacje<\/a><\/li>\n<li class=\"menu-item menu-item-type-custom menu-item-object-custom menu-item-90\"><a href=\"#Kontakt\" class=\"elementor-item elementor-item-anchor\">Kontakt<\/a><\/li>\n<\/ul>\t\t\t<\/nav>\n\t\t\t\t\t<div class=\"elementor-menu-toggle\" role=\"button\" tabindex=\"0\" aria-label=\"Menu Toggle\" aria-expanded=\"false\">\n\t\t\t<svg aria-hidden=\"true\" role=\"presentation\" class=\"elementor-menu-toggle__icon--open e-font-icon-svg e-eicon-menu-bar\" viewBox=\"0 0 1000 1000\" xmlns=\"http:\/\/www.w3.org\/2000\/svg\"><path d=\"M104 333H896C929 333 958 304 958 271S929 208 896 208H104C71 208 42 237 42 271S71 333 104 333ZM104 583H896C929 583 958 554 958 521S929 458 896 458H104C71 458 42 487 42 521S71 583 104 583ZM104 833H896C929 833 958 804 958 771S929 708 896 708H104C71 708 42 737 42 771S71 833 104 833Z\"><\/path><\/svg><svg aria-hidden=\"true\" role=\"presentation\" class=\"elementor-menu-toggle__icon--close e-font-icon-svg e-eicon-close\" viewBox=\"0 0 1000 1000\" xmlns=\"http:\/\/www.w3.org\/2000\/svg\"><path d=\"M742 167L500 408 258 167C246 154 233 150 217 150 196 150 179 158 167 167 154 179 150 196 150 212 150 229 154 242 171 254L408 500 167 742C138 771 138 800 167 829 196 858 225 858 254 829L496 587 738 829C750 842 767 846 783 846 800 846 817 842 829 829 842 817 846 804 846 783 846 767 842 750 829 737L588 500 833 258C863 229 863 200 833 171 804 137 775 137 742 167Z\"><\/path><\/svg>\t\t\t<span class=\"elementor-screen-only\">Menu<\/span>\n\t\t<\/div>\n\t\t\t\t\t<nav class=\"elementor-nav-menu--dropdown elementor-nav-menu__container\" aria-hidden=\"true\">\n\t\t\t\t<ul id=\"menu-2-431f187\" class=\"elementor-nav-menu\"><li class=\"menu-item menu-item-type-custom menu-item-object-custom menu-item-100\"><a href=\"https:\/\/outlook.office365.com\/owa\/calendar\/Dzwigi24com@brenal.com\/bookings\/\" class=\"elementor-item\" tabindex=\"-1\">Rezerwacje<\/a><\/li>\n<li class=\"menu-item menu-item-type-custom menu-item-object-custom menu-item-90\"><a href=\"#Kontakt\" class=\"elementor-item elementor-item-anchor\" tabindex=\"-1\">Kontakt<\/a><\/li>\n<\/ul>\t\t\t<\/nav>\n\t\t\t\t<\/div>\n\t\t\t\t<\/div>\n\t\t\t\t<\/div>\n\t\t\t\t<div class=\"elementor-element elementor-element-ab74bea elementor-widget elementor-widget-text-editor\" data-id=\"ab74bea\" data-element_type=\"widget\" data-widget_type=\"text-editor.default\">\n\t\t\t\t<div class=\"elementor-widget-container\">\n\t\t\t<style>\/*! elementor - v3.23.0 - 05-08-2024 *\/\n.elementor-widget-text-editor.elementor-drop-cap-view-stacked .elementor-drop-cap{background-color:#69727d;color:#fff}.elementor-widget-text-editor.elementor-drop-cap-view-framed .elementor-drop-cap{color:#69727d;border:3px solid;background-color:transparent}.elementor-widget-text-editor:not(.elementor-drop-cap-view-default) .elementor-drop-cap{margin-top:8px}.elementor-widget-text-editor:not(.elementor-drop-cap-view-default) .elementor-drop-cap-letter{width:1em;height:1em}.elementor-widget-text-editor .elementor-drop-cap{float:left;text-align:center;line-height:1;font-size:50px}.elementor-widget-text-editor .elementor-drop-cap-letter{display:inline-block}<\/style>\t\t\t\t<p><strong>tel. 825 770 071<\/strong><\/p>\t\t\t\t\t\t<\/div>\n\t\t\t\t<\/div>\n\t\t\t\t\t<\/div>\n\t\t\t\t<\/div>\n\t\t<div class=\"elementor-element elementor-element-fa46f28 e-con-full e-flex e-con e-parent\" data-id=\"fa46f28\" data-element_type=\"container\">\n\t\t\t\t<div class=\"elementor-element elementor-element-88e1ca2 elementor-widget__width-initial elementor-absolute elementor-widget elementor-widget-heading\" data-id=\"88e1ca2\" data-element_type=\"widget\" data-settings=\"{&quot;_position&quot;:&quot;absolute&quot;}\" data-widget_type=\"heading.default\">\n\t\t\t\t<div class=\"elementor-widget-container\">\n\t\t\t<style>\/*! elementor - v3.23.0 - 05-08-2024 *\/\n.elementor-heading-title{padding:0;margin:0;line-height:1}.elementor-widget-heading .elementor-heading-title[class*=elementor-size-]>a{color:inherit;font-size:inherit;line-height:inherit}.elementor-widget-heading .elementor-heading-title.elementor-size-small{font-size:15px}.elementor-widget-heading .elementor-heading-title.elementor-size-medium{font-size:19px}.elementor-widget-heading .elementor-heading-title.elementor-size-large{font-size:29px}.elementor-widget-heading .elementor-heading-title.elementor-size-xl{font-size:39px}.elementor-widget-heading .elementor-heading-title.elementor-size-xxl{font-size:59px}<\/style><h1 class=\"elementor-heading-title elementor-size-default\">Us\u0142ugi d\u017awigowe - Lublin, Che\u0142m, Zamo\u015b\u0107, Krasnystaw<\/h1>\t\t<\/div>\n\t\t\t\t<\/div>\n\t\t\t\t<div class=\"elementor-element elementor-element-83f5ce3 elementor-widget elementor-widget-image\" data-id=\"83f5ce3\" data-element_type=\"widget\" data-widget_type=\"image.default\">\n\t\t\t\t<div class=\"elementor-widget-container\">\n\t\t\t\t\t\t\t\t\t\t\t\t\t<img decoding=\"async\" width=\"1920\" height=\"815\" src=\"https:\/\/dzwigi24.com\/wp-content\/uploads\/2025\/03\/main.jpg\" class=\"attachment-full size-full wp-image-42\" alt=\"\" srcset=\"https:\/\/dzwigi24.com\/wp-content\/uploads\/2025\/03\/main.jpg 1920w, https:\/\/dzwigi24.com\/wp-content\/uploads\/2025\/03\/main-300x127.jpg 300w, https:\/\/dzwigi24.com\/wp-content\/uploads\/2025\/03\/main-1024x435.jpg 1024w, https:\/\/dzwigi24.com\/wp-content\/uploads\/2025\/03\/main-768x326.jpg 768w, https:\/\/dzwigi24.com\/wp-content\/uploads\/2025\/03\/main-1536x652.jpg 1536w\" sizes=\"(max-width: 1920px) 100vw, 1920px\" \/>\t\t\t\t\t\t\t\t\t\t\t\t\t<\/div>\n\t\t\t\t<\/div>\n\t\t\t\t<\/div>\n\t\t<div class=\"elementor-element elementor-element-9cf0b9b e-flex e-con-boxed e-con e-parent\" data-id=\"9cf0b9b\" data-element_type=\"container\">\n\t\t\t\t\t<div class=\"e-con-inner\">\n\t\t\t\t<div class=\"elementor-element elementor-element-6e683d8 elementor-widget elementor-widget-text-editor\" data-id=\"6e683d8\" data-element_type=\"widget\" data-widget_type=\"text-editor.default\">\n\t\t\t\t<div class=\"elementor-widget-container\">\n\t\t\t\t\t\t\t<h3>Nasza Flota<\/h3><p>Nasza flota d\u017awig\u00f3w sk\u0142ada si\u0119 z dobrze utrzymanych maszyn, kt\u00f3re zapewniaj\u0105 efektywno\u015b\u0107 i bezpiecze\u0144stwo pracy. Oferujemy wynajem nast\u0119puj\u0105cych modeli d\u017awig\u00f3w:<\/p>\t\t\t\t\t\t<\/div>\n\t\t\t\t<\/div>\n\t\t\t\t\t<\/div>\n\t\t\t\t<\/div>\n\t\t<div class=\"elementor-element elementor-element-543da5f e-grid e-con-boxed e-con e-parent\" data-id=\"543da5f\" data-element_type=\"container\">\n\t\t\t\t\t<div class=\"e-con-inner\">\n\t\t\t\t<div class=\"elementor-element elementor-element-1746dda elementor-widget elementor-widget-image\" data-id=\"1746dda\" data-element_type=\"widget\" data-widget_type=\"image.default\">\n\t\t\t\t<div class=\"elementor-widget-container\">\n\t\t\t\t\t\t\t\t\t\t\t\t\t<img decoding=\"async\" width=\"800\" height=\"534\" src=\"https:\/\/dzwigi24.com\/wp-content\/uploads\/2025\/03\/krupp-2025.jpg\" class=\"elementor-animation-grow attachment-large size-large wp-image-107\" alt=\"\" srcset=\"https:\/\/dzwigi24.com\/wp-content\/uploads\/2025\/03\/krupp-2025.jpg 1024w, https:\/\/dzwigi24.com\/wp-content\/uploads\/2025\/03\/krupp-2025-300x200.jpg 300w, https:\/\/dzwigi24.com\/wp-content\/uploads\/2025\/03\/krupp-2025-768x512.jpg 768w\" sizes=\"(max-width: 800px) 100vw, 800px\" \/>\t\t\t\t\t\t\t\t\t\t\t\t\t<\/div>\n\t\t\t\t<\/div>\n\t\t\t\t<div class=\"elementor-element elementor-element-23cac24 elementor-widget elementor-widget-image\" data-id=\"23cac24\" data-element_type=\"widget\" data-widget_type=\"image.default\">\n\t\t\t\t<div class=\"elementor-widget-container\">\n\t\t\t\t\t\t\t\t\t\t\t\t\t<img loading=\"lazy\" decoding=\"async\" width=\"800\" height=\"534\" src=\"https:\/\/dzwigi24.com\/wp-content\/uploads\/2025\/03\/blank.jpg\" class=\"elementor-animation-grow attachment-large size-large wp-image-112\" alt=\"\" srcset=\"https:\/\/dzwigi24.com\/wp-content\/uploads\/2025\/03\/blank.jpg 1024w, https:\/\/dzwigi24.com\/wp-content\/uploads\/2025\/03\/blank-300x200.jpg 300w, https:\/\/dzwigi24.com\/wp-content\/uploads\/2025\/03\/blank-768x512.jpg 768w\" sizes=\"(max-width: 800px) 100vw, 800px\" \/>\t\t\t\t\t\t\t\t\t\t\t\t\t<\/div>\n\t\t\t\t<\/div>\n\t\t\t\t<div class=\"elementor-element elementor-element-50174f2 elementor-widget elementor-widget-image\" data-id=\"50174f2\" data-element_type=\"widget\" data-widget_type=\"image.default\">\n\t\t\t\t<div class=\"elementor-widget-container\">\n\t\t\t\t\t\t\t\t\t\t\t\t\t<img loading=\"lazy\" decoding=\"async\" width=\"800\" height=\"534\" src=\"https:\/\/dzwigi24.com\/wp-content\/uploads\/2025\/03\/grove-4070.jpg\" class=\"elementor-animation-grow attachment-large size-large wp-image-108\" alt=\"\" srcset=\"https:\/\/dzwigi24.com\/wp-content\/uploads\/2025\/03\/grove-4070.jpg 1024w, https:\/\/dzwigi24.com\/wp-content\/uploads\/2025\/03\/grove-4070-300x200.jpg 300w, https:\/\/dzwigi24.com\/wp-content\/uploads\/2025\/03\/grove-4070-768x512.jpg 768w\" sizes=\"(max-width: 800px) 100vw, 800px\" \/>\t\t\t\t\t\t\t\t\t\t\t\t\t<\/div>\n\t\t\t\t<\/div>\n\t\t\t\t\t<\/div>\n\t\t\t\t<\/div>\n\t\t<div class=\"elementor-element elementor-element-f323bf7 e-grid e-con-boxed e-con e-parent\" data-id=\"f323bf7\" data-element_type=\"container\">\n\t\t\t\t\t<div class=\"e-con-inner\">\n\t\t\t\t<div class=\"elementor-element elementor-element-b785e7f elementor-widget elementor-widget-text-editor\" data-id=\"b785e7f\" data-element_type=\"widget\" data-widget_type=\"text-editor.default\">\n\t\t\t\t<div class=\"elementor-widget-container\">\n\t\t\t\t\t\t\t<h4>Grove ATT 633<\/h4><ul><li><strong>Ud\u017awig<\/strong>: 30 ton<\/li><li><strong>Zasi\u0119g ramienia<\/strong>: 27 metr\u00f3w<\/li><li><strong>Opis<\/strong>: Grove 635 charakteryzuje si\u0119 du\u017c\u0105 mobilno\u015bci\u0105 i wszechstronno\u015bci\u0105, idealny do zastosowa\u0144 w budownictwie i przemy\u015ble. Wyposa\u017cony w systemy sterowania, zapewnia wysok\u0105 wydajno\u015b\u0107 pracy.<\/li><\/ul>\t\t\t\t\t\t<\/div>\n\t\t\t\t<\/div>\n\t\t\t\t<div class=\"elementor-element elementor-element-64eab57 elementor-widget elementor-widget-text-editor\" data-id=\"64eab57\" data-element_type=\"widget\" data-widget_type=\"text-editor.default\">\n\t\t\t\t<div class=\"elementor-widget-container\">\n\t\t\t\t\t\t\t<h4>Krupp 2025<\/h4><ul><li><strong>Ud\u017awig<\/strong>: 25 ton<\/li><li><strong>Zasi\u0119g ramienia<\/strong>: 25 metr\u00f3w<\/li><li><strong>Opis<\/strong>: Krupp 2025 to kompaktowy d\u017awig idealny do prac w ograniczonych przestrzeniach, zapewniaj\u0105cy precyzyjne podnoszenie i przenoszenie ci\u0119\u017ckich \u0142adunk\u00f3w.<\/li><\/ul>\t\t\t\t\t\t<\/div>\n\t\t\t\t<\/div>\n\t\t\t\t<div class=\"elementor-element elementor-element-4be5ad4 elementor-widget elementor-widget-text-editor\" data-id=\"4be5ad4\" data-element_type=\"widget\" data-widget_type=\"text-editor.default\">\n\t\t\t\t<div class=\"elementor-widget-container\">\n\t\t\t\t\t\t\t<h4>Grove 4070<\/h4><ul><li><strong>Ud\u017awig<\/strong>: 70 ton<\/li><li><strong>Zasi\u0119g ramienia<\/strong>: 38 metr\u00f3w<\/li><li><strong>Opis<\/strong>: Grove ATT633 to niezawodny d\u017awig terenowy, kt\u00f3ry sprawdzi si\u0119 w trudnych warunkach terenowych. Dzi\u0119ki solidnej konstrukcji i zaawansowanym funkcjom, jest doskona\u0142ym wyborem do skomplikowanych projekt\u00f3w.<\/li><\/ul>\t\t\t\t\t\t<\/div>\n\t\t\t\t<\/div>\n\t\t\t\t\t<\/div>\n\t\t\t\t<\/div>\n\t\t<div class=\"elementor-element elementor-element-ea7179c e-flex e-con-boxed e-con e-parent\" data-id=\"ea7179c\" data-element_type=\"container\">\n\t\t\t\t\t<div class=\"e-con-inner\">\n\t\t\t\t<div class=\"elementor-element elementor-element-b8f44b0 elementor-widget elementor-widget-text-editor\" data-id=\"b8f44b0\" data-element_type=\"widget\" data-widget_type=\"text-editor.default\">\n\t\t\t\t<div class=\"elementor-widget-container\">\n\t\t\t\t\t\t\t<h3>Wynajem D\u017awig\u00f3w<\/h3><p>Nasza firma oferuje profesjonalne us\u0142ugi wynajmu d\u017awig\u00f3w w miastach Lublin, Che\u0142m, Zamo\u015b\u0107 oraz Krasnystaw. Dzi\u0119ki naszej flocie d\u017awig\u00f3w oraz do\u015bwiadczonemu zespo\u0142owi operator\u00f3w jeste\u015bmy w stanie sprosta\u0107 wielu projektom. Nasze us\u0142ugi obejmuj\u0105:<\/p><ul><li><strong>Wynajem d\u017awig\u00f3w na godziny, dni oraz d\u0142u\u017csze okresy<\/strong>: Elastyczne opcje wynajmu dostosowane do Twoich potrzeb.<\/li><li><strong>Transport i logistyka<\/strong>: Zapewniamy transport d\u017awig\u00f3w na miejsce realizacji projektu.<\/li><li><strong>Wsparcie techniczne<\/strong>: Profesjonalne doradztwo i pomoc techniczna na ka\u017cdym etapie realizacji projektu.<\/li><\/ul>\t\t\t\t\t\t<\/div>\n\t\t\t\t<\/div>\n\t\t\t\t\t<\/div>\n\t\t\t\t<\/div>\n\t\t<div class=\"elementor-element elementor-element-6f35b7f e-flex e-con-boxed e-con e-parent\" data-id=\"6f35b7f\" data-element_type=\"container\">\n\t\t\t\t\t<div class=\"e-con-inner\">\n\t\t\t\t<div class=\"elementor-element elementor-element-c865138 elementor-widget elementor-widget-text-editor\" data-id=\"c865138\" data-element_type=\"widget\" data-widget_type=\"text-editor.default\">\n\t\t\t\t<div class=\"elementor-widget-container\">\n\t\t\t\t\t\t\t<h3>Bezpiecze\u0144stwo i Oszcz\u0119dno\u015b\u0107 Czasu w Projektach<\/h3><p>Nasze us\u0142ugi s\u0105 zaprojektowane tak, aby maksymalizowa\u0107 bezpiecze\u0144stwo i efektywno\u015b\u0107 ka\u017cdego projektu. Dbamy o to, aby nasze d\u017awigi by\u0142y regularnie serwisowane i spe\u0142nia\u0142y wszystkie standardy bezpiecze\u0144stwa. Wsp\u00f3\u0142pracuj\u0105c z nami, mo\u017cesz liczy\u0107 na:<\/p><ul><li><strong>Do\u015bwiadczony zesp\u00f3\u0142 operator\u00f3w<\/strong>: Wszyscy nasi operatorzy posiadaj\u0105 odpowiednie certyfikaty i regularnie przechodz\u0105 szkolenia z zakresu bezpiecze\u0144stwa.<\/li><li><strong>Zaawansowane technologie<\/strong>: Nasze d\u017awigi s\u0105 wyposa\u017cone w systemy monitorowania i kontroli, kt\u00f3re minimalizuj\u0105 ryzyko awarii i zwi\u0119kszaj\u0105 precyzj\u0119 operacji.<\/li><li><strong>Szybki czas reakcji<\/strong>: Dzi\u0119ki elastycznym opcjom wynajmu i sprawnej logistyce, mo\u017cemy szybko dostarczy\u0107 d\u017awig na miejsce realizacji projektu, co pozwala na terminowe zako\u0144czenie prac.<\/li><\/ul>\t\t\t\t\t\t<\/div>\n\t\t\t\t<\/div>\n\t\t\t\t\t<\/div>\n\t\t\t\t<\/div>\n\t\t<div class=\"elementor-element elementor-element-0306f90 e-flex e-con-boxed e-con e-parent\" data-id=\"0306f90\" data-element_type=\"container\">\n\t\t\t\t\t<div class=\"e-con-inner\">\n\t\t\t\t<div class=\"elementor-element elementor-element-ba2c644 elementor-widget elementor-widget-menu-anchor\" data-id=\"ba2c644\" data-element_type=\"widget\" data-widget_type=\"menu-anchor.default\">\n\t\t\t\t<div class=\"elementor-widget-container\">\n\t\t\t<style>\/*! elementor - v3.23.0 - 05-08-2024 *\/\nbody.elementor-page .elementor-widget-menu-anchor{margin-bottom:0}<\/style>\t\t<div class=\"elementor-menu-anchor\" id=\"Kontakt\"><\/div>\n\t\t\t\t<\/div>\n\t\t\t\t<\/div>\n\t\t\t\t<div class=\"elementor-element elementor-element-7e2f475 elementor-widget elementor-widget-text-editor\" data-id=\"7e2f475\" data-element_type=\"widget\" data-widget_type=\"text-editor.default\">\n\t\t\t\t<div class=\"elementor-widget-container\">\n\t\t\t\t\t\t\t<h3>Kontakt<\/h3><p>Zapraszamy do kontaktu, aby dowiedzie\u0107 si\u0119 wi\u0119cej o naszych us\u0142ugach i dost\u0119pnych modelach d\u017awig\u00f3w. Z nami Twoje projekty b\u0119d\u0105 realizowane bezpiecznie, efektywnie i zgodnie z harmonogramem.<\/p><p>Tel: 825 770 071 (w godzinach 7:00-15:00)<\/p>\t\t\t\t\t\t<\/div>\n\t\t\t\t<\/div>\n\t\t\t\t\t<\/div>\n\t\t\t\t<\/div>\n\t\t<div class=\"elementor-element elementor-element-903b988 e-flex e-con-boxed e-con e-parent\" data-id=\"903b988\" data-element_type=\"container\" data-settings=\"{&quot;background_background&quot;:&quot;classic&quot;}\">\n\t\t\t\t\t<div class=\"e-con-inner\">\n\t\t\t\t<div class=\"elementor-element elementor-element-8020c90 elementor-widget elementor-widget-text-editor\" data-id=\"8020c90\" data-element_type=\"widget\" data-widget_type=\"text-editor.default\">\n\t\t\t\t<div class=\"elementor-widget-container\">\n\t\t\t\t\t\t\t<div class=\"container\"><div class=\"footer_bottom_in\"><div class=\"bottom_widget\">\u00a0<\/div><div class=\"footer_copyright\"><p>Brenal.com \u00a9 2025 &#8211; Krupiec 77, 22-302 Siennica Nadolna<\/p><\/div><\/div><\/div>\t\t\t\t\t\t<\/div>\n\t\t\t\t<\/div>\n\t\t\t\t\t<\/div>\n\t\t\t\t<\/div>\n\t\t\t\t<\/div>\n\t\t","protected":false},"excerpt":{"rendered":"<p>tel. 825 770 071 Us\u0142ugi d\u017awigowe &#8211; Lublin, Che\u0142m, Zamo\u015b\u0107, Krasnystaw Nasza Flota Nasza flota d\u017awig\u00f3w sk\u0142ada si\u0119 z dobrze utrzymanych maszyn, kt\u00f3re zapewniaj\u0105 efektywno\u015b\u0107 i bezpiecze\u0144stwo pracy. Oferujemy wynajem nast\u0119puj\u0105cych modeli d\u017awig\u00f3w: Grove ATT 633 Ud\u017awig: 30 ton Zasi\u0119g ramienia: 27 metr\u00f3w Opis: Grove 635 charakteryzuje si\u0119 du\u017c\u0105 mobilno\u015bci\u0105 i wszechstronno\u015bci\u0105, idealny do zastosowa\u0144 [&hellip;]<\/p>\n","protected":false},"author":1,"featured_media":0,"parent":0,"menu_order":0,"comment_status":"closed","ping_status":"open","template":"elementor_canvas","meta":{"footnotes":""},"class_list":["post-2","page","type-page","status-publish","hentry"],"_links":{"self":[{"href":"https:\/\/dzwigi24.com\/index.php?rest_route=\/wp\/v2\/pages\/2","targetHints":{"allow":["GET"]}}],"collection":[{"href":"https:\/\/dzwigi24.com\/index.php?rest_route=\/wp\/v2\/pages"}],"about":[{"href":"https:\/\/dzwigi24.com\/index.php?rest_route=\/wp\/v2\/types\/page"}],"author":[{"embeddable":true,"href":"https:\/\/dzwigi24.com\/index.php?rest_route=\/wp\/v2\/users\/1"}],"replies":[{"embeddable":true,"href":"https:\/\/dzwigi24.com\/index.php?rest_route=%2Fwp%2Fv2%2Fcomments&post=2"}],"version-history":[{"count":101,"href":"https:\/\/dzwigi24.com\/index.php?rest_route=\/wp\/v2\/pages\/2\/revisions"}],"predecessor-version":[{"id":130,"href":"https:\/\/dzwigi24.com\/index.php?rest_route=\/wp\/v2\/pages\/2\/revisions\/130"}],"wp:attachment":[{"href":"https:\/\/dzwigi24.com\/index.php?rest_route=%2Fwp%2Fv2%2Fmedia&parent=2"}],"curies":[{"name":"wp","href":"https:\/\/api.w.org\/{rel}","templated":true}]}}